et j(a) = 25*a. Let v be j(0). What is u(v)?
10
Let j(i) = -170*i**2 - 8*i - 16. Let q(n) = -61*n**2 - 3*n - 6. Let g(w) = -4*j(w) + 11*q(w). What is g(2)?
32
Let o(u) = 4*u**3 - 3*u**2 - 5*u + 2. Let f(h) = -2 + 1 - 3*h**3 + 11*h**2 - 5*h**3 + 3*h - 9*h**2 + 6*h**3. Let k(d) = 7*f(d) + 4*o(d). What is k(2)?
27
Let y(h) = h**3 - 9*h**2 + 2*h - 13. Let f be y(9). Let d(x) = 9*x**2 - 603*x**3 + 7*x - f - 597*x**3 + 1201*x**3. Determine d(-8).
3
Let j(x) = -1046*x + 1035. Let b be j(1). Let r(i) = i**3 + 13*i**2 + 24*i + 5. Determine r(b).
-17
Let p = 2 - -48. Suppose -p*y = -54*y + 88. Let b(g) = y*g + 0 + 3 - 20*g. Give b(6).
15
Let v(k) = 270*k**2 - 57 + 59 + k - 287*k**2. Give v(-1).
-16
Suppose 138 = -2*d + 25*d. Let p(r) = 2*r + d*r + r + 14 - 7*r. Suppose -3*q - 27 = 4*j + 10, 0 = 2*q - 4*j + 18. Calculate p(q).
-8
Let w(r) be the first derivative of -r**4/4 - 2*r**3/3 - r**2/2 - r + 15. Suppose 7 = -3*k - 2*b, -2*k + 0 = 3*b + 3. Let o be k/((-2)/(-4)*3). Determine w(o).
1
Let k(t) = 7*t**2 + 121*t + 50. Let m be k(-17). Let u(a) = -a - 34. What is u(m)?
-50
Let c(q) = 1 - 1 - 14 - 5*q + 3*q. Let r(k) = 3*k + 16. Let l(j) = -4*c(j) - 3*r(j). Calculate l(10).
-2
Let r be -2*7*(-2 - (-3)/2). Let t(p) = -p**3 + 7*p**2 + 4. Let j be t(r). Suppose 3*l - 32 = -5*x - 0, -5*l + j*x + 4 = 0. Let y(m) = -4*m - 3. Give y(l).
-19
Let j(g) = -17*g**2 - 20*g - 3 - 38*g**2 - 11 + 54*g**2. What is j(-16)?
50
Let p(z) = -z - 1. Suppose -89 = 8*d - 105. Suppose -5*j + d*a = -33, 3*a + 2 = -j + 12. What is p(j)?
-8
Let z be (51/85)/(3/60). Suppose -37 = 3*m - 5*p, -3*p = -16*m + z*m - 42. Let q(v) = -v - 2. Calculate q(m).
7
Let m(f) be the first derivative of -f**3/3 + 5*f**2/2 + 6*f + 6. Suppose -3*x - 6 = 0, -3*l - 5*x - 5 = -31. Suppose l = -5*r + 37. What is m(r)?
6
Let m = -117 - -198. Let r(w) = -84*w + 337*w - 89*w - m*w - 13 - 84*w. What is r(-9)?
-4
Let q(w) = -13*w + 1. Suppose 46*z + 113*z = -63*z + 222. Give q(z).
-12
Let n(h) = 21*h + 14. Let k(o) = -o**3 - 9*o**2 + 16*o + 42. Let g be k(-10). Let t(y) = 5*y + 3. Let q(d) = g*t(d) + 4*n(d). Give q(2).
-10
Let i(g) = g**2 - g + 4. Let h = 231 + 44. Suppose 0 = -270*l + h*l - 15. What is i(l)?
10
Let n(q) be the first derivative of -q**4/4 - 3*q**3 + 6*q**2 - 4*q - 7139. What is n(-10)?
-24
Suppose -10 = -l - 2*l - 2*c, -5*c = 4*l - 18. Suppose l*y + n - 37 = -3*y, -3*y + 2*n = -17. Let u(d) = 92 + d**3 + 0*d - y*d**2 + d - 97. Calculate u(7).
2
Suppose 0 = 3*s + 2*m, 1 = 13*s - 18*s - 3*m. Let o(v) = -4*v**2 + 5*v + 2. What is o(s)?
-24
Suppose 48*i = 5*g + 43*i, g - 3*i = -10. Let p(t) = -32*t**3 + 15*t + 33*t**3 + g - 3*t**2 - 21*t. Let m be ((-4)/6)/((-1)/6). What is p(m)?
-3
Let f(w) = 8*w**2 + 11*w - 20. Let p(y) = 25*y**2 + 39*y - 59. Let a(u) = 19*f(u) - 6*p(u). Give a(14).
16
Let v(g) = g**3 + 2*g**2 + 8*g + 1. Let d(y) = y**3 + 14*y**2 + 40*y - 49. Let z be d(-9). Calculate v(z).
-63
Let m be (-10)/(-4)*1073/(-145) - 33/22. Let r(y) = -3*y - 27. Calculate r(m).
33
Let u(o) = o**3 + 4*o**2 - 16*o - 54. Let d(p) = -2*p**3 - 101*p**2 - 35*p + 747. Let j be d(-50). Determine u(j).
3
Let z(t) be the first derivative of 3*t**4/4 + 7*t**3/3 + t**2/2 + 6*t - 58. Let p(s) = -4*s**3 - 7*s**2 - 6. Let w(o) = -4*p(o) - 5*z(o). Give w(8).
18
Let u be (7/14)/(2/12). Suppose -11 - 7 = -u*p. Let s(m) = 14 - 2*m + m**2 - 4*m - 9. Determine s(p).
5
Suppose -5*r - 25 = -h - 1, h - 4 = r. Let s(p) = -38*p**2 + 3*p + 2. Give s(h).
-39
Let y(z) = -z**3 + 36*z**2 - 27*z - 283. Let g = 42010 - 41975. Calculate y(g).
-3
Suppose -44 + 209 = -156*q - 147. Let d(o) = -3*o + 11. Determine d(q).
17
Let x(l) = -4*l - 5. Let v(g) = -g**2 - 150*g - 733. Let z be v(-5). Give x(z).
27
Let r(n) = -3*n**3 - 24*n**2 - 4*n - 24. Let v be r(-8). Let k(o) = -2*o**3 + 16*o**2 - 3*o + 20. Calculate k(v).
-4
Let s(l) = 41*l**3 + 7*l**2 + 22*l - 4. Let w(g) = 19*g**3 + 4*g**2 + 11*g - 2. Let k(j) = 6*s(j) - 13*w(j). Calculate k(-8).
-38
Let j = -13333 - -13329. Let t(r) = r + 13. Let n(w) = w. Let a(c) = -2*n(c) - t(c). Give a(j).
-1
Let b(t) = t**3 + 10*t**2 + 6. Let x = 14 + -12. Let z be ((-1)/x)/(2/(-100)). Let g be ((-38)/95)/(1/z). Calculate b(g).
6
Let i(t) = -3*t - 16. Suppose -3*x + 10 = 7, x + 11 = -4*v. Calculate i(v).
-7
Let x(n) = 4*n**2 + 461944*n - 461946*n - 3*n**2 + 2 + 93*n**3. Give x(1).
94
Let w = -445 - -451. Suppose w*h - 57 = -195. Let z(k) = -k**3 - 22*k**2 + 24*k + 29. Give z(h).
6
Let g(s) = 8*s + 104. Let o(q) = 4*q + 47. Let v(y) = 4*g(y) - 9*o(y). Let r = -25 - -18. What is v(r)?
21
Let t(y) = -2*y + 7. Let u(i) = -20*i + 13. Let h be u(1). Let n(v) = -v**3 - 6*v**2 + 8*v + 7. Let f be n(-7). Let z = f + h. Give t(z).
21
Let c(f) = -f**2 + 14*f + 8. Let t(z) = -3*z**2 + 62*z + 34. Let s(a) = 18*c(a) - 4*t(a). Give s(-2).
-24
Let m(c) = c**3 - 7*c**2 + 10*c - 21. Let r(b) = 42*b**2 + 10*b + 8. Let v be r(-1). Suppose -46*j = -v*j - 36. Determine m(j).
3
Let r(m) = m**2 - 17*m - 161. Let y be -232 + 251 - (24 + 2). Calculate r(y).
7
Suppose -4*w + 4*o = -28, -3*o + 12 = o. Let t(g) be the third derivative of -g**5/60 + 11*g**4/24 - 13*g**3/6 - 9*g**2. Give t(w).
-3
Suppose -80 = -3*k + 7*k + 8*n, -k + 3*n = 0. Let t(p) = -18 + 0 - 4 - p + 5. Give t(k).
-5
Let d(f) = 5*f + 4. Let g be (-16)/(3 - -1) + 1. Let n(z) = -6*z - 5. Let y(j) = g*n(j) - 4*d(j). Suppose -3 = o - r - 0*r, 4*o + 3*r + 19 = 0. What is y(o)?
7
Let q(o) be the first derivative of o**2/2 + 9*o + 1665. Give q(-17).
-8
Let b = -218 + 222. Suppose -5*f - 14 = b*g, -g - 4*g + f = 3. Let z(w) = 3*w**2 - 2*w - 1. Determine z(g).
4
Let l be 2 + -2 - -1 - (-135)/3. Let m = l - 2. Let s = -45 + m. Let y(t) = 10*t**3 - t**2 + t + 1. Give y(s).
-11
Let t(o) = -2 - o**3 - o**2 + 6 - 3. Suppose 5*k = -3*c + 5, 5 + 1 = -3*k. Let g(j) = 5*j - 27. Let f be g(c). Determine t(f).
5
Let x(t) = t**3 + 41*t**2 - 86*t - 5. Let m be x(-43). Let k(l) be the first derivative of l**4/4 + l**3 - 6*l**2 - 6*l - 71. Give k(m).
4
Let u(n) = 6 + n**3 + 0*n - 4*n**2 + 0*n**3 - 6*n. Let v = 528 - 187. Let f = -336 + v. What is u(f)?
1
Suppose 90 = 2*m + x - 4*x, 4*m + 4*x = 200. Let p = m + -27. Let o(h) = p - 27 + 11 - h. Calculate o(-5).
10
Let c(q) = 2*q**2 + 168 - 67 - 60 + q**3 + 17*q - 17*q**2 - 82. Calculate c(14).
1
Suppose 0 = -3*h - h - 16. Let v(b) = -3*b**2 - 33*b. Let q(g) = 4*g**2 + 45*g + 1. Let i(c) = -5*q(c) - 7*v(c). Determine i(h).
-13
Let x(j) = j**3 + 22*j**2 - 2*j + 4. Let p be (-825)/(-45)*18/(-15). Give x(p).
48
Let l(j) = 64*j**2 + 2*j + 2. Suppose -5*s + k - 8 = 0, 5*k = 5*s - 0*s + 20. Determine l(s).
64
Let w(l) = -6*l**2 + 2*l + 4. Let b be (-41 - -34)*-2*(-1)/7. Calculate w(b).
-24
Let u(c) = 413*c + 93. Let x(y) = 126*y. Let m(o) = u(o) - 3*x(o). Give m(-3).
-12
Let r(a) be the first derivative of -4*a**3/3 - a**2/2 - a + 2176. Let c = 11 - 12. Calculate r(c).
-4
Let k(x) = 7*x**2 - 19*x - 7. Let i(g) be the first derivative of -33 + 5*g**2 + 3*g - 4/3*g**3. Let z(p) = -5*i(p) - 3*k(p). Give z(8).
-2
Suppose s = 2*s - 2. Let y(h) = -4*h**3 + 4 + 3 + s*h + 3*h**3 - 4*h**2 - 3. Suppose 0*u = 4*u - 4*r, 4 = 2*u - 3*r. Give y(u).
-4
Let b = -431814 + 431814. Let f(d) = d**3 + 12 + d**2 - 2*d**3 + 0*d**2. Determine f(b).
12
Let f(s) = s**2 - 2*s + 6. Let a(q) = 3*q + 1. Let o = -27 - -57. Let v = -29 + o. Let p be a(v). Give f(p).
14
Let m(s) = s**2 + 7*s - 2. Suppose -36*k - 873 = 73*k - 12*k. Give m(k).
16
Let j be 24*(27/6 + -4). Let y be ((-1)/(15/j))/(4/30). Let z(c) be the first derivative of c**2 + 8*c - 17. Give z(y).
-4
Let t(d) be the second derivative of d**5/20 - d**4/3 + d**3/3 - 2*d**2 + 76*d. Suppose 459 = -5*m - 4*m. Let w be 2/4*17/(m/(-24)). Calculate t(w).
4
Let k be -1*1*(1 + 0). Let v(h) = 124. Let a(g) = 207. Let j(r) = 3*a(r) - 5*v(r). Let n(u) = u + 11. Let d(p) = k*j(p) + n(p). Give d(-7).
3
Suppose 0 = 4*u + q - 46 + 51, 3*q - 21 = 0. Let x(c) = -2*c**2 - 2*c - 1. Determine x(u).
-13
Let p(w) = 9*w - 1. Let v(i) = 3*i**3 - i**2 + 2*i + 1. Let a be v(0). Calculate p(a).
8
Let s(g) = -g**3 - 6*g**2 - 6*g + 3. Let p(z) = 2*z**2 - 96*z + 427. Let o be p(5). Determine s(o).
-6
Let f(j) = 3*j - 8*j + 2 - 3*j**3 - 6*j**2 + 2*j**3. Let n(a) = -2*a**2 + 3. Suppose -r + 7*r = 12. Let m be n(r). What is f(m)?
2
Let k be ((-